/(1*(-4)/396). Calculate the highest common divisor of g and 33.
33
Suppose g - 4 = -0*g. Calculate the highest common divisor of g and 4.
4
Let p(h) = -h + 14. Let d be p(8). Calculate the highest common factor of 12 and d.
6
Let h(c) = -2*c**3 - 3*c - 3. Let i be h(-2). Let z be 2512/12 - (-1)/(-3). Calculate the greatest common divisor of z and i.
19
Let m be (-4)/(-18) - (-3770)/45. Suppose -m = -2*r - 2*r. Calculate the greatest common factor of r and 3.
3
Let w(s) = s**2 - 5*s + 6. Let g be w(4). Let v be g - (4 + -2 - 35). Suppose -4*n - n + v = 0. What is the greatest common divisor of n and 63?
7
Let t be (-1)/(-4) + (-17)/4. Let j(s) = -s**3 - 3*s**2 + 5*s - 1. Let x be j(t). Let w = x + 17. Calculate the highest common factor of w and 84.
12
Let c(q) = -3*q**2 - 5*q. Let i be c(-8). Let j = 273 + i. Calculate the highest common divisor of 11 and j.
11
Suppose -3*o = -6*o + 12. Suppose o*y - 13 = -2*a - 1, -3*a + 20 = 5*y. What is the highest common divisor of 80 and a?
10
Let v(z) = 16*z - 1. Let n be v(1). Let i(s) = -s**2 - 6*s - 2. Let a be i(-5). What is the highest common divisor of n and a?
3
Let v be ((-6)/21)/(4/(-14)). Let h be 73 + 9 - (-2)/v. Calculate the greatest common factor of h and 12.
12
Suppose -g = -5*g + 40. Let w(c) = c**2 - 10*c - 10. Let p be w(11). Let v be (10/4)/(p/28). Calculate the greatest common factor of g and v.
10
Let d(k) = k**2 - 4*k - 19. Let b be d(7). Let o = -9 - -17. What is the highest common divisor of o and b?
2
Let s(i) = -i**3 - 5*i**2 + i + 6. Let v be s(-5). Let g(q) = -2*q - 1. Let w be g(-2). Suppose -w*k = -7 - 14. What is the greatest common divisor of v and k?
1
Suppose -6*w + 11*w - 1375 = 0. Calculate the greatest common divisor of 25 and w.
25
Let q be (90/(-24))/((-3)/36). Let y(x) = x - 1. Let t be y(1). Suppose 3*a - 26 - 64 = t. What is the greatest common divisor of a and q?
15
Let x(q) = 2*q - 1. Let v be x(4). Let n = 16 - 76. Let r = -25 - n. What is the greatest common factor of r and v?
7
Let q be (21/(-9))/((-1)/6). What is the greatest common divisor of q and 98?
14
Suppose 4 = -4*o - 4*q, -4*o + 14 = -9*o + 4*q. Let s(g) = 2*g**2 + 2. Let n be s(o). What is the highest common divisor of 70 and n?
10
Let r(d) = 2*d**3 + 2*d**2 + 3*d + 1. Let z be r(-2). Let g be z*(0 + -1 + 0). What is the highest common divisor of 39 and g?
13
Let d(q) = q**3 + q + 6. Let b be d(0). Let k = 9 + b. Calculate the highest common divisor of 75 and k.
15
Suppose -4*m = -2*m + 6. Let a = m - -4. Calculate the highest common divisor of 3 and a.
1
Let w(m) = m**2 + 7*m + 13. Let j be w(-4). What is the highest common factor of 7 and j?
1
Let s(i) = -3*i**3 - i**2. Let j be s(1). Let t be (6/j)/(2/(-140)). Let v(c) = -6*c - 3. Let x be v(-3). Calculate the greatest common factor of x and t.
15
Let c(u) = -4*u - 2. Let x be c(-2). Suppose -x - 24 = -5*z. What is the highest common divisor of 18 and z?
6
Suppose 3*o - 55 - 77 = -3*q, -o + 2*q = -56. What is the highest common divisor of 96 and o?
48
Let s(n) = n + 17. Suppose -3*a = -3*q + 38 + 7, 3*q - a - 37 = 0. Let f be s(q). Calculate the highest common factor of 7 and f.
7
Suppose -8 = -2*w + 8. Let v(g) = -g**3 + 7*g**2 + 10*g + 5. Let m be v(w). What is the greatest common divisor of m and 14?
7
Let v = 19 + -13. Suppose t - v = -1. What is the greatest common divisor of 5 and t?
5
Let r be (-2)/(-3) - (-8)/6. Suppose 146 = -y + r*y + 2*l, -287 = -2*y + l. Calculate the highest common divisor of y and 16.
16
Let j(s) = s**3 - 6*s**2 + 11*s + 6. Let f be j(5). Calculate the greatest common divisor of f and 4.
4
Suppose -3*y + 2*y = -2*k + 74, -3*k + 125 = 2*y. Let i = -188 + 214. What is the greatest common divisor of k and i?
13
Suppose -2*j + 160 = -38. Let v = 21 + -12. Calculate the highest common divisor of v and j.
9
Let s(c) = -c**2 + 2*c. Let k(d) = -d**2 - 8*d - 6. Let t be k(-7). Let i be s(t). Let p = 4 + 1. What is the highest common factor of p and i?
1
Suppose 32 = 3*p - 19. Let l(m) = -26*m - 3. Let v be l(-6). Calculate the highest common factor of p and v.
17
Suppose -3*k = 2*k - 1205. Suppose 5*m - k - 84 = 0. Let g = -5 - -18. What is the greatest common factor of g and m?
13
Suppose 0*c + 4*c - 48 = 0. Suppose 4*g - 60 = c. What is the greatest common divisor of 9 and g?
9
Suppose 23 = 2*r - 17. Let a = 72 + -52. Calculate the highest common divisor of a and r.
20
Suppose 0 = -2*k - 3*k - u + 88, -3*u + 26 = k. Let g = -21 + 47. Suppose -2*h + 36 = -i, h + h = -4*i + g. What is the highest common divisor of h and k?
17
Let w(t) = t**3 - 5*t**2 - t - 1. Let l be w(5). Let k be 2*(-9)/l - -1. Suppose -k*q + 113 + 107 = 0. Calculate the greatest common divisor of 5 and q.
5
Suppose -12*d + i = -17*d + 54, -20 = -5*i. What is the highest common divisor of 2 and d?
2
Suppose -5*u - 39 = -4*h - 0*u, 0 = -2*h - 4*u. Let k be (0 - h/(-1)) + 0. Calculate the highest common divisor of 3 and k.
3
Let d = -89 + 98. Let s(f) = -2*f + 4. Let p be s(-7). Calculate the highest common factor of p and d.
9
Suppose 0 = -0*d + 2*d + 6. Let j = d + 23. Suppose -2 = -2*o, -2*o + 5*o = 3*y - 21. What is the highest common factor of y and j?
4
Let g = 23 + -35. Let o be g/(2 + -3)*1. Let f(t) = 10*t**2 - 3*t + 3. Let c be f(3). What is the greatest common divisor of o and c?
12
Suppose -2*m = -0 - 16. Calculate the highest common factor of 20 and m.
4
Let r = 12 + -7. Calculate the highest common factor of 35 and r.
5
Suppose 2*f = -2*v + 4, -4*f + 5*f = -2*v. Calculate the highest common factor of 44 and f.
4
Let p be (-1)/((-3)/(-3 + 12)). Suppose 0 = 4*b + 3*s - 39, p*b + 4*s = 8*b - 41. Suppose -57 = -h - 12. What is the highest common factor of b and h?
9
Let f(w) = w**2 + 80. Let v be f(0). Suppose 0*j - 3*j = -b + 235, -v = j - 2*b. Let y be (j/3)/(-2) + -2. What is the greatest common divisor of y and 1?
1
Let j(n) = n + 8 + 9*n**2 + 2*n**3 + 3*n - n**3. Let g be j(-8). Let a be (-2)/(-3)*3*8. What is the highest common divisor of g and a?
8
Let q(y) = 2*y**2 + 5*y + 2. Let v be q(-6). What is the greatest common divisor of 4 and v?
4
Suppose 5*p + 0*p + 2*h - 106 = 0, -3*p + 3*h = -51. Calculate the highest common factor of p and 8.
4
Suppose 3*n - 17 - 7 = 0. What is the highest common divisor of n and 88?
8
Suppose 26 = 5*q + a - 3*a, -9 = 3*a. Let g(m) = -m**3 - 7*m**2 + 10. Let l be g(-7). Calculate the greatest common factor of l and q.
2
Suppose 20 = 10*t - 1660. Calculate the highest common divisor of t and 24.
24
Let y be 84/(-7)*2/(-4). Calculate the greatest common divisor of 6 and y.
6
Let o be (-2)/(-2 - 0) - -3. Suppose 3*p - r = 19, -2*r + 18 + 14 = o*p. What is the highest common factor of 1 and p?
1
Let s(v) = -v**2 - 12*v - 2. Let a be (1 - (-3)/12)*-4. Let k be s(a). Calculate the greatest common divisor of k and 3.
3
Suppose 4*d + 2*k + k = 72, k = -d + 18. Calculate the greatest common divisor of d and 45.
9
Suppose 21 = 2*u - 11. Calculate the highest common divisor of 16 and u.
16
Let d be -2 + (2 - 1) - -26. What is the greatest common factor of d and 10?
5
Let p be (-1 - 2)*(-14)/6. Suppose 3*y - 65 = -5*u, 40 = p*u - 5*u + 4*y. What is the greatest common factor of 40 and u?
10
Let h = -12 + 17. Suppose -g + 5*u + 75 = 4*g, 4*g + h*u = 51. Calculate the greatest common divisor of g and 35.
7
Let v(f) = -2*f**3 - 1. Let d be v(1). Let z be -3 - d*42/9. What is the highest common divisor of 11 and z?
11
Let r be 100/6 + (24/18 - 1). What is the greatest common divisor of 170 and r?
17
Suppose -5*o = 3*w - 23, -6*w - 4 = -2*w - 2*o. Let l be (-74)/(-8) + (-2)/8. What is the greatest common factor of l and w?
1
Suppose -3*z = 2*z - 10. Suppose -z*y + 45 = 3*y. Calculate the greatest common factor of 72 and y.
9
Let i = 137 + -29. What is the highest common factor of i and 27?
27
Let i = -11 + 14. Calculate the greatest common divisor of 15 and i.
3
Let c be (-12)/(-15)*10/4. Suppose 11 - c = u. What is the greatest common factor of 1 and u?
1
Let w = 7 + 0. Let b(a) = -3*a - 2. Let h be b(-4). Let d be h/20 - (-2)/4. What is the greatest common factor of d and w?
1
Suppose 2*s - g - 122 = -3*g, -71 = -s + g. Calculate the greatest common divisor of 6 and s.
6
Let s be 3*2*8/(-24). Let d be s/(((-14)/(-32)